{"id":1618,"date":"2021-08-20T15:36:41","date_gmt":"2021-08-20T13:36:41","guid":{"rendered":"https:\/\/degam-kongress.de\/2021\/?page_id=1618"},"modified":"2021-08-20T15:36:58","modified_gmt":"2021-08-20T13:36:58","slug":"cme-zertifizierung","status":"publish","type":"page","link":"https:\/\/degam-kongress.de\/2021\/cme-zertifizierung\/","title":{"rendered":"CME-Zertifizierung"},"content":{"rendered":"\t\t<div data-elementor-type=\"wp-page\" data-elementor-id=\"1618\" class=\"elementor elementor-1618\" data-elementor-post-type=\"page\">\n\t\t\t\t\t\t<section class=\"elementor-section elementor-top-section elementor-element elementor-element-8e7e4be elementor-section-boxed ang-section-padding-initial elementor-section-height-default elementor-section-height-default elementor-repeater-item-none elementor-repeater-item-none_hover\" data-id=\"8e7e4be\" data-element_type=\"section\">\n\t\t\t\t\t\t<div class=\"elementor-container elementor-column-gap-default\">\n\t\t\t\t\t<div class=\"elementor-column elementor-col-100 elementor-top-column elementor-element elementor-element-069efb2 elementor-repeater-item-none elementor-repeater-item-none_hover\" data-id=\"069efb2\" data-element_type=\"column\">\n\t\t\t<div class=\"elementor-widget-wrap elementor-element-populated\">\n\t\t\t\t\t\t<div class=\"elementor-element elementor-element-7e7b883 trenner elementor-widget-divider--view-line elementor-repeater-item-none elementor-repeater-item-none_hover elementor-widget elementor-widget-global elementor-global-391 elementor-widget-divider\" data-id=\"7e7b883\" data-element_type=\"widget\" data-widget_type=\"divider.default\">\n\t\t\t\t<div class=\"elementor-widget-container\">\n\t\t\t\t\t\t\t<div class=\"elementor-divider\">\n\t\t\t<span class=\"elementor-divider-separator\">\n\t\t\t\t\t\t<\/span>\n\t\t<\/div>\n\t\t\t\t\t\t<\/div>\n\t\t\t\t<\/div>\n\t\t\t\t<div class=\"elementor-element elementor-element-c2dd35b elementor-repeater-item-none elementor-repeater-item-none_hover elementor-widget elementor-widget-text-editor\" data-id=\"c2dd35b\" data-element_type=\"widget\" data-widget_type=\"text-editor.default\">\n\t\t\t\t<div class=\"elementor-widget-container\">\n\t\t\t\t\t\t\t\t\t<p>Der 55. Kongress f\u00fcr Allgemeinmedizin und Familienmedizin \u201eDigitalisierung \u2013 Chancen und Risiken f\u00fcr die Allgemeinmedizin\u201c ist zertifiziert.<\/p><p>Die Veranstaltungstage wurden von der \u00c4rztekammer Schleswig-Holstein einzeln zertifiziert.<\/p><p>F\u00fcr die Teilnahme <b>pro Tag<\/b> k\u00f6nnen Sie <b>je 6 Punkte der Kategorie B<\/b> erreichen.<br \/>Insgesamt k\u00f6nnen 18 Fortbildungspunkte erreicht werden.<\/p>\t\t\t\t\t\t\t\t<\/div>\n\t\t\t\t<\/div>\n\t\t\t\t\t<\/div>\n\t\t<\/div>\n\t\t\t\t\t<\/div>\n\t\t<\/section>\n\t\t\t\t<\/div>\n\t\t","protected":false},"excerpt":{"rendered":"<p>Der 55. Kongress f\u00fcr Allgemeinmedizin und Familienmedizin \u201eDigitalisierung \u2013 Chancen und Risiken f\u00fcr die Allgemeinmedizin\u201c ist zertifiziert. Die Veranstaltungstage wurden von der \u00c4rztekammer Schleswig-Holstein einzeln zertifiziert. F\u00fcr die Teilnahme pro Tag k\u00f6nnen Sie je 6 Punkte der Kategorie B erreichen.Insgesamt k\u00f6nnen 18 Fortbildungspunkte erreicht werden.<\/p>\n","protected":false},"author":6,"featured_media":0,"parent":0,"menu_order":0,"comment_status":"closed","ping_status":"closed","template":"","meta":{"_acf_changed":false,"footnotes":""},"class_list":["post-1618","page","type-page","status-publish","hentry"],"acf":[],"_links":{"self":[{"href":"https:\/\/degam-kongress.de\/2021\/wp-json\/wp\/v2\/pages\/1618","targetHints":{"allow":["GET"]}}],"collection":[{"href":"https:\/\/degam-kongress.de\/2021\/wp-json\/wp\/v2\/pages"}],"about":[{"href":"https:\/\/degam-kongress.de\/2021\/wp-json\/wp\/v2\/types\/page"}],"author":[{"embeddable":true,"href":"https:\/\/degam-kongress.de\/2021\/wp-json\/wp\/v2\/users\/6"}],"replies":[{"embeddable":true,"href":"https:\/\/degam-kongress.de\/2021\/wp-json\/wp\/v2\/comments?post=1618"}],"version-history":[{"count":7,"href":"https:\/\/degam-kongress.de\/2021\/wp-json\/wp\/v2\/pages\/1618\/revisions"}],"predecessor-version":[{"id":1625,"href":"https:\/\/degam-kongress.de\/2021\/wp-json\/wp\/v2\/pages\/1618\/revisions\/1625"}],"wp:attachment":[{"href":"https:\/\/degam-kongress.de\/2021\/wp-json\/wp\/v2\/media?parent=1618"}],"curies":[{"name":"wp","href":"https:\/\/api.w.org\/{rel}","templated":true}]}}