{"id":819,"date":"2020-12-07T15:07:51","date_gmt":"2020-12-07T14:07:51","guid":{"rendered":"https:\/\/degam-kongress.de\/2024\/?page_id=819"},"modified":"2024-07-11T17:20:10","modified_gmt":"2024-07-11T15:20:10","slug":"ueber-wuerzburg","status":"publish","type":"page","link":"https:\/\/degam-kongress.de\/2024\/veranstaltungsort\/ueber-wuerzburg\/","title":{"rendered":"\u00dcber W\u00fcrzburg"},"content":{"rendered":"\t\t<div data-elementor-type=\"wp-page\" data-elementor-id=\"819\" class=\"elementor elementor-819\" data-elementor-post-type=\"page\">\n\t\t\t\t<div class=\"elementor-element elementor-element-ee5bfbe e-flex e-con-boxed elementor-repeater-item-default_padding elementor-repeater-item-none elementor-repeater-item-none_hover e-con e-parent\" data-id=\"ee5bfbe\" data-element_type=\"container\" data-settings=\"{&quot;ang_container_spacing_size&quot;:&quot;default_padding&quot;}\">\n\t\t\t\t\t<div class=\"e-con-inner\">\n\t\t\t\t<div class=\"elementor-element elementor-element-aebb577 elementor-repeater-item-none elementor-repeater-item-none_hover elementor-widget elementor-widget-heading\" data-id=\"aebb577\" data-element_type=\"widget\" data-widget_type=\"heading.default\">\n\t\t\t\t<div class=\"elementor-widget-container\">\n\t\t\t\t\t<h2 class=\"elementor-heading-title elementor-size-default\">\u00dcber W\u00fcrzburg<\/h2>\t\t\t\t<\/div>\n\t\t\t\t<\/div>\n\t\t\t\t\t<\/div>\n\t\t\t\t<\/div>\n\t\t<div class=\"elementor-element elementor-element-6060ef3 e-flex e-con-boxed elementor-repeater-item-default_padding elementor-repeater-item-none elementor-repeater-item-none_hover e-con e-parent\" data-id=\"6060ef3\" data-element_type=\"container\" data-settings=\"{&quot;ang_container_spacing_size&quot;:&quot;default_padding&quot;}\">\n\t\t\t\t\t<div class=\"e-con-inner\">\n\t\t<div class=\"elementor-element elementor-element-14f9705 e-con-full e-flex elementor-repeater-item-default_padding elementor-repeater-item-none elementor-repeater-item-none_hover e-con e-child\" data-id=\"14f9705\" data-element_type=\"container\" data-settings=\"{&quot;ang_container_spacing_size&quot;:&quot;default_padding&quot;}\">\n\t\t<div class=\"elementor-element elementor-element-5d2ff54 e-con-full e-flex elementor-repeater-item-default_padding elementor-repeater-item-none elementor-repeater-item-none_hover e-con e-child\" data-id=\"5d2ff54\" data-element_type=\"container\" data-settings=\"{&quot;ang_container_spacing_size&quot;:&quot;default_padding&quot;}\">\n\t\t<div class=\"elementor-element elementor-element-647186f e-con-full e-flex elementor-repeater-item-default_padding sk-none elementor-repeater-item-none elementor-repeater-item-none_hover e-con e-child\" data-id=\"647186f\" data-element_type=\"container\" data-settings=\"{&quot;background_background&quot;:&quot;classic&quot;,&quot;position&quot;:&quot;absolute&quot;,&quot;ang_container_spacing_size&quot;:&quot;default_padding&quot;}\">\n\t\t\t\t<div class=\"elementor-element elementor-element-6b5336b elementor-repeater-item-none elementor-repeater-item-none_hover elementor-widget elementor-widget-spacer\" data-id=\"6b5336b\" data-element_type=\"widget\" data-widget_type=\"spacer.default\">\n\t\t\t\t<div class=\"elementor-widget-container\">\n\t\t\t\t\t\t\t<div class=\"elementor-spacer\">\n\t\t\t<div class=\"elementor-spacer-inner\"><\/div>\n\t\t<\/div>\n\t\t\t\t\t\t<\/div>\n\t\t\t\t<\/div>\n\t\t\t\t<\/div>\n\t\t\t\t<div class=\"elementor-element elementor-element-9a991d8 external_elementor-repeater-item-none_external elementor-repeater-item-none elementor-repeater-item-none_hover elementor-widget elementor-widget-image\" data-id=\"9a991d8\" data-element_type=\"widget\" data-widget_type=\"image.default\">\n\t\t\t\t<div class=\"elementor-widget-container\">\n\t\t\t\t\t\t\t\t\t\t\t\t\t\t\t<img fetchpriority=\"high\" decoding=\"async\" width=\"681\" height=\"1024\" src=\"https:\/\/degam-kongress.de\/2024\/wp-content\/uploads\/Schustergasse-Blick-auf-den-Wuerzburger-Marktplatz-mit-Marienkapelle-681x1024.jpg\" class=\"attachment-large size-large wp-image-3153\" alt=\"\" srcset=\"https:\/\/degam-kongress.de\/2024\/wp-content\/uploads\/Schustergasse-Blick-auf-den-Wuerzburger-Marktplatz-mit-Marienkapelle-681x1024.jpg 681w, https:\/\/degam-kongress.de\/2024\/wp-content\/uploads\/Schustergasse-Blick-auf-den-Wuerzburger-Marktplatz-mit-Marienkapelle-200x300.jpg 200w, https:\/\/degam-kongress.de\/2024\/wp-content\/uploads\/Schustergasse-Blick-auf-den-Wuerzburger-Marktplatz-mit-Marienkapelle-100x150.jpg 100w, https:\/\/degam-kongress.de\/2024\/wp-content\/uploads\/Schustergasse-Blick-auf-den-Wuerzburger-Marktplatz-mit-Marienkapelle-768x1154.jpg 768w, https:\/\/degam-kongress.de\/2024\/wp-content\/uploads\/Schustergasse-Blick-auf-den-Wuerzburger-Marktplatz-mit-Marienkapelle-1022x1536.jpg 1022w, https:\/\/degam-kongress.de\/2024\/wp-content\/uploads\/Schustergasse-Blick-auf-den-Wuerzburger-Marktplatz-mit-Marienkapelle-1362x2048.jpg 1362w, https:\/\/degam-kongress.de\/2024\/wp-content\/uploads\/Schustergasse-Blick-auf-den-Wuerzburger-Marktplatz-mit-Marienkapelle-scaled.jpg 1703w\" sizes=\"(max-width: 681px) 100vw, 681px\" \/>\t\t\t\t\t\t\t\t\t\t\t\t\t\t\t<\/div>\n\t\t\t\t<\/div>\n\t\t\t\t<\/div>\n\t\t<div class=\"elementor-element elementor-element-125762d e-con-full e-flex elementor-repeater-item-default_padding elementor-repeater-item-none elementor-repeater-item-none_hover e-con e-child\" data-id=\"125762d\" data-element_type=\"container\" data-settings=\"{&quot;ang_container_spacing_size&quot;:&quot;default_padding&quot;}\">\n\t\t\t\t<div class=\"elementor-element elementor-element-bcfb401 elementor-repeater-item-none elementor-repeater-item-none_hover elementor-widget elementor-widget-text-editor\" data-id=\"bcfb401\" data-element_type=\"widget\" data-widget_type=\"text-editor.default\">\n\t\t\t\t<div class=\"elementor-widget-container\">\n\t\t\t\t\t\t\t\t\t<p>Die lebendige Universit\u00e4tsstadt am Main liegt inmitten von Weinbergen, \u00fcberragt von ihrem Wahrzeichen, der Festung Marienberg. Unbestrittener architektonischer Glanzpunkt ist die f\u00fcrstbisch\u00f6fliche Residenz, seit 1981 UNESCO Welterbe. Balthasar Neumann schuf dieses \u201eSchloss \u00fcber allen Schl\u00f6ssern\u201c mit dem ber\u00fchmten Treppenhaus und dem weltgr\u00f6\u00dften Deckenfresko von Giovanni Battista Tiepolo. Die Grundsteinlegung des pr\u00e4chtigen Baus j\u00e4hrte sich 2020 zum 300. Mal.<\/p><p>Die sp\u00e4tgotische Marienkapelle, das Haus zum Falken mit seiner prunkvollen Rokoko-Fassade und der Dom St. Kilian, die viertgr\u00f6\u00dfte romanische Kirche Deutschlands, d\u00fcrfen ebenfalls bei keiner Stadtbesichtigung fehlen. Die rege Kulturszene W\u00fcrzburgs wartet das ganze Jahr \u00fcber mit attraktiven Veranstaltungen auf, darunter das renommierte Mozartfest, das mitrei\u00dfende Africa Festival oder der Hafensommer.<\/p><p>Das preisgekr\u00f6nte Museum im Kulturspeicher, das Museum f\u00fcr Franken mit der weltgr\u00f6\u00dften Riemenschneider-Sammlung, das beeindruckende Museum am Dom, niveauvolle Galerien und Theater erg\u00e4nzen die Palette. Weinfreunde genie\u00dfen Weinproben in den gro\u00dfen Weing\u00fctern und die vielen stimmungsvollen Weinfeste in den Sommermonaten.<\/p>\t\t\t\t\t\t\t\t<\/div>\n\t\t\t\t<\/div>\n\t\t\t\t<\/div>\n\t\t\t\t<\/div>\n\t\t\t\t\t<\/div>\n\t\t\t\t<\/div>\n\t\t<div class=\"elementor-element elementor-element-c84b31d e-flex e-con-boxed elementor-repeater-item-default_padding sk-none elementor-repeater-item-none elementor-repeater-item-none_hover e-con e-parent\" data-id=\"c84b31d\" data-element_type=\"container\" data-settings=\"{&quot;background_background&quot;:&quot;classic&quot;,&quot;ang_container_spacing_size&quot;:&quot;default_padding&quot;}\">\n\t\t\t\t\t<div class=\"e-con-inner\">\n\t\t<div class=\"elementor-element elementor-element-3aeb48f e-con-full e-flex elementor-repeater-item-default_padding elementor-repeater-item-none elementor-repeater-item-none_hover e-con e-child\" data-id=\"3aeb48f\" data-element_type=\"container\" data-settings=\"{&quot;ang_container_spacing_size&quot;:&quot;default_padding&quot;}\">\n\t\t\t\t<div class=\"elementor-element elementor-element-f658880 elementor-repeater-item-none elementor-repeater-item-none_hover elementor-widget elementor-widget-heading\" data-id=\"f658880\" data-element_type=\"widget\" data-widget_type=\"heading.default\">\n\t\t\t\t<div class=\"elementor-widget-container\">\n\t\t\t\t\t<h2 class=\"elementor-heading-title elementor-size-default\">Weitere Informationen<\/h2>\t\t\t\t<\/div>\n\t\t\t\t<\/div>\n\t\t\t\t<\/div>\n\t\t<div class=\"elementor-element elementor-element-bd196c3 e-con-full e-flex elementor-repeater-item-default_padding elementor-repeater-item-none elementor-repeater-item-none_hover e-con e-child\" data-id=\"bd196c3\" data-element_type=\"container\" data-settings=\"{&quot;ang_container_spacing_size&quot;:&quot;default_padding&quot;}\">\n\t\t\t\t<div class=\"elementor-element elementor-element-2c6af02 elementor-repeater-item-none elementor-repeater-item-none_hover elementor-widget elementor-widget-text-editor\" data-id=\"2c6af02\" data-element_type=\"widget\" data-widget_type=\"text-editor.default\">\n\t\t\t\t<div class=\"elementor-widget-container\">\n\t\t\t\t\t\t\t\t\t<p>Congress Tourismus W\u00fcrzburg (CTW), <br \/>Am Congress Centrum, <br \/>97070 W\u00fcrzburg<\/p>\t\t\t\t\t\t\t\t<\/div>\n\t\t\t\t<\/div>\n\t\t\t\t<div class=\"elementor-element elementor-element-83eaf43 elementor-icon-list--layout-traditional elementor-list-item-link-full_width elementor-repeater-item-none elementor-repeater-item-none_hover elementor-widget elementor-widget-icon-list\" data-id=\"83eaf43\" data-element_type=\"widget\" data-widget_type=\"icon-list.default\">\n\t\t\t\t<div class=\"elementor-widget-container\">\n\t\t\t\t\t\t\t<ul class=\"elementor-icon-list-items\">\n\t\t\t\t\t\t\t<li class=\"elementor-icon-list-item\">\n\t\t\t\t\t\t\t\t\t\t\t<a href=\"tel:+49931372335\">\n\n\t\t\t\t\t\t\t\t\t\t\t\t<span class=\"elementor-icon-list-icon\">\n\t\t\t\t\t\t\t<i aria-hidden=\"true\" class=\"fas fa-phone-alt\"><\/i>\t\t\t\t\t\t<\/span>\n\t\t\t\t\t\t\t\t\t\t<span class=\"elementor-icon-list-text\">+49 931 372335<\/span>\n\t\t\t\t\t\t\t\t\t\t\t<\/a>\n\t\t\t\t\t\t\t\t\t<\/li>\n\t\t\t\t\t\t\t\t<li class=\"elementor-icon-list-item\">\n\t\t\t\t\t\t\t\t\t\t\t<a href=\"fax:+49931373652\">\n\n\t\t\t\t\t\t\t\t\t\t\t\t<span class=\"elementor-icon-list-icon\">\n\t\t\t\t\t\t\t<i aria-hidden=\"true\" class=\"fas fa-fax\"><\/i>\t\t\t\t\t\t<\/span>\n\t\t\t\t\t\t\t\t\t\t<span class=\"elementor-icon-list-text\">+49 931 373652<\/span>\n\t\t\t\t\t\t\t\t\t\t\t<\/a>\n\t\t\t\t\t\t\t\t\t<\/li>\n\t\t\t\t\t\t\t\t<li class=\"elementor-icon-list-item\">\n\t\t\t\t\t\t\t\t\t\t\t<a href=\"mailto:tourismus@wuerzburg.de\">\n\n\t\t\t\t\t\t\t\t\t\t\t\t<span class=\"elementor-icon-list-icon\">\n\t\t\t\t\t\t\t<i aria-hidden=\"true\" class=\"fas fa-envelope\"><\/i>\t\t\t\t\t\t<\/span>\n\t\t\t\t\t\t\t\t\t\t<span class=\"elementor-icon-list-text\">tourismus@wuerzburg.de<\/span>\n\t\t\t\t\t\t\t\t\t\t\t<\/a>\n\t\t\t\t\t\t\t\t\t<\/li>\n\t\t\t\t\t\t\t\t<li class=\"elementor-icon-list-item\">\n\t\t\t\t\t\t\t\t\t\t\t<a href=\"http:\/\/www.wuerzburg.de\" target=\"_blank\">\n\n\t\t\t\t\t\t\t\t\t\t\t\t<span class=\"elementor-icon-list-icon\">\n\t\t\t\t\t\t\t<i aria-hidden=\"true\" class=\"fas fa-globe\"><\/i>\t\t\t\t\t\t<\/span>\n\t\t\t\t\t\t\t\t\t\t<span class=\"elementor-icon-list-text\">www.wuerzburg.de<\/span>\n\t\t\t\t\t\t\t\t\t\t\t<\/a>\n\t\t\t\t\t\t\t\t\t<\/li>\n\t\t\t\t\t\t\t\t<li class=\"elementor-icon-list-item\">\n\t\t\t\t\t\t\t\t\t\t\t<a href=\"http:\/\/www.facebook.com\/wuerzburg.tourismus\" target=\"_blank\">\n\n\t\t\t\t\t\t\t\t\t\t\t\t<span class=\"elementor-icon-list-icon\">\n\t\t\t\t\t\t\t<i aria-hidden=\"true\" class=\"fab fa-facebook-square\"><\/i>\t\t\t\t\t\t<\/span>\n\t\t\t\t\t\t\t\t\t\t<span class=\"elementor-icon-list-text\">wuerzburg.tourismus<\/span>\n\t\t\t\t\t\t\t\t\t\t\t<\/a>\n\t\t\t\t\t\t\t\t\t<\/li>\n\t\t\t\t\t\t<\/ul>\n\t\t\t\t\t\t<\/div>\n\t\t\t\t<\/div>\n\t\t\t\t<div class=\"elementor-element elementor-element-ffc14df elementor-icon-list--layout-traditional elementor-list-item-link-full_width elementor-repeater-item-none elementor-repeater-item-none_hover elementor-widget elementor-widget-icon-list\" data-id=\"ffc14df\" data-element_type=\"widget\" data-widget_type=\"icon-list.default\">\n\t\t\t\t<div class=\"elementor-widget-container\">\n\t\t\t\t\t\t\t<ul class=\"elementor-icon-list-items\">\n\t\t\t\t\t\t\t<li class=\"elementor-icon-list-item\">\n\t\t\t\t\t\t\t\t\t\t\t<a href=\"https:\/\/degam-kongress.de\/2024\/wp-content\/uploads\/DEGAM2024_Stadtplan_Wuerzburg.pdf\" target=\"_blank\">\n\n\t\t\t\t\t\t\t\t\t\t\t\t<span class=\"elementor-icon-list-icon\">\n\t\t\t\t\t\t\t<i aria-hidden=\"true\" class=\"fas fa-map-marked-alt\"><\/i>\t\t\t\t\t\t<\/span>\n\t\t\t\t\t\t\t\t\t\t<span class=\"elementor-icon-list-text\">Stadtplan und Informationen \u00fcber W\u00fcrzburg<\/span>\n\t\t\t\t\t\t\t\t\t\t\t<\/a>\n\t\t\t\t\t\t\t\t\t<\/li>\n\t\t\t\t\t\t<\/ul>\n\t\t\t\t\t\t<\/div>\n\t\t\t\t<\/div>\n\t\t\t\t<\/div>\n\t\t\t\t\t<\/div>\n\t\t\t\t<\/div>\n\t\t\t\t<\/div>\n\t\t","protected":false},"excerpt":{"rendered":"<p>\u00dcber W\u00fcrzburg Die lebendige Universit\u00e4tsstadt am Main liegt inmitten von Weinbergen, \u00fcberragt von ihrem Wahrzeichen, der Festung Marienberg. Unbestrittener architektonischer Glanzpunkt ist die f\u00fcrstbisch\u00f6fliche Residenz, seit 1981 UNESCO Welterbe. Balthasar Neumann schuf dieses \u201eSchloss \u00fcber allen Schl\u00f6ssern\u201c mit dem ber\u00fchmten Treppenhaus und dem weltgr\u00f6\u00dften Deckenfresko von Giovanni Battista Tiepolo. Die Grundsteinlegung des pr\u00e4chtigen Baus j\u00e4hrte [&hellip;]<\/p>\n","protected":false},"author":5,"featured_media":0,"parent":491,"menu_order":0,"comment_status":"closed","ping_status":"closed","template":"","meta":{"_acf_changed":false,"footnotes":""},"class_list":["post-819","page","type-page","status-publish","hentry"],"acf":[],"yoast_head":"<!-- This site is optimized with the Yoast SEO plugin v26.7 - https:\/\/yoast.com\/wordpress\/plugins\/seo\/ -->\n<title>\u00dcber W\u00fcrzburg - DEGAM 2024<\/title>\n<meta name=\"robots\" content=\"index, follow, max-snippet:-1, max-image-preview:large, max-video-preview:-1\" \/>\n<link rel=\"canonical\" href=\"https:\/\/degam-kongress.de\/2024\/veranstaltungsort\/ueber-wuerzburg\/\" \/>\n<meta property=\"og:locale\" content=\"de_DE\" \/>\n<meta property=\"og:type\" content=\"article\" \/>\n<meta property=\"og:title\" content=\"\u00dcber W\u00fcrzburg - DEGAM 2024\" \/>\n<meta property=\"og:description\" content=\"\u00dcber W\u00fcrzburg Die lebendige Universit\u00e4tsstadt am Main liegt inmitten von Weinbergen, \u00fcberragt von ihrem Wahrzeichen, der Festung Marienberg. Unbestrittener architektonischer Glanzpunkt ist die f\u00fcrstbisch\u00f6fliche Residenz, seit 1981 UNESCO Welterbe. Balthasar Neumann schuf dieses \u201eSchloss \u00fcber allen Schl\u00f6ssern\u201c mit dem ber\u00fchmten Treppenhaus und dem weltgr\u00f6\u00dften Deckenfresko von Giovanni Battista Tiepolo. Die Grundsteinlegung des pr\u00e4chtigen Baus j\u00e4hrte [&hellip;]\" \/>\n<meta property=\"og:url\" content=\"https:\/\/degam-kongress.de\/2024\/veranstaltungsort\/ueber-wuerzburg\/\" \/>\n<meta property=\"og:site_name\" content=\"DEGAM 2024\" \/>\n<meta property=\"article:modified_time\" content=\"2024-07-11T15:20:10+00:00\" \/>\n<meta property=\"og:image\" content=\"https:\/\/degam-kongress.de\/2024\/wp-content\/uploads\/Schustergasse-Blick-auf-den-Wuerzburger-Marktplatz-mit-Marienkapelle-681x1024.jpg\" \/>\n<meta name=\"twitter:card\" content=\"summary_large_image\" \/>\n<meta name=\"twitter:label1\" content=\"Gesch\u00e4tzte Lesezeit\" \/>\n\t<meta name=\"twitter:data1\" content=\"2\u00a0Minuten\" \/>\n<script type=\"application\/ld+json\" class=\"yoast-schema-graph\">{\"@context\":\"https:\/\/schema.org\",\"@graph\":[{\"@type\":\"WebPage\",\"@id\":\"https:\/\/degam-kongress.de\/2024\/veranstaltungsort\/ueber-wuerzburg\/\",\"url\":\"https:\/\/degam-kongress.de\/2024\/veranstaltungsort\/ueber-wuerzburg\/\",\"name\":\"\u00dcber W\u00fcrzburg - DEGAM 2024\",\"isPartOf\":{\"@id\":\"https:\/\/degam-kongress.de\/2024\/#website\"},\"primaryImageOfPage\":{\"@id\":\"https:\/\/degam-kongress.de\/2024\/veranstaltungsort\/ueber-wuerzburg\/#primaryimage\"},\"image\":{\"@id\":\"https:\/\/degam-kongress.de\/2024\/veranstaltungsort\/ueber-wuerzburg\/#primaryimage\"},\"thumbnailUrl\":\"https:\/\/degam-kongress.de\/2024\/wp-content\/uploads\/Schustergasse-Blick-auf-den-Wuerzburger-Marktplatz-mit-Marienkapelle-681x1024.jpg\",\"datePublished\":\"2020-12-07T14:07:51+00:00\",\"dateModified\":\"2024-07-11T15:20:10+00:00\",\"breadcrumb\":{\"@id\":\"https:\/\/degam-kongress.de\/2024\/veranstaltungsort\/ueber-wuerzburg\/#breadcrumb\"},\"inLanguage\":\"de\",\"potentialAction\":[{\"@type\":\"ReadAction\",\"target\":[\"https:\/\/degam-kongress.de\/2024\/veranstaltungsort\/ueber-wuerzburg\/\"]}]},{\"@type\":\"ImageObject\",\"inLanguage\":\"de\",\"@id\":\"https:\/\/degam-kongress.de\/2024\/veranstaltungsort\/ueber-wuerzburg\/#primaryimage\",\"url\":\"https:\/\/degam-kongress.de\/2024\/wp-content\/uploads\/Schustergasse-Blick-auf-den-Wuerzburger-Marktplatz-mit-Marienkapelle-scaled.jpg\",\"contentUrl\":\"https:\/\/degam-kongress.de\/2024\/wp-content\/uploads\/Schustergasse-Blick-auf-den-Wuerzburger-Marktplatz-mit-Marienkapelle-scaled.jpg\",\"width\":1703,\"height\":2560},{\"@type\":\"BreadcrumbList\",\"@id\":\"https:\/\/degam-kongress.de\/2024\/veranstaltungsort\/ueber-wuerzburg\/#breadcrumb\",\"itemListElement\":[{\"@type\":\"ListItem\",\"position\":1,\"name\":\"Startseite\",\"item\":\"https:\/\/degam-kongress.de\/2024\/\"},{\"@type\":\"ListItem\",\"position\":2,\"name\":\"Veranstaltungsort\",\"item\":\"https:\/\/degam-kongress.de\/2024\/veranstaltungsort\/\"},{\"@type\":\"ListItem\",\"position\":3,\"name\":\"\u00dcber W\u00fcrzburg\"}]},{\"@type\":\"WebSite\",\"@id\":\"https:\/\/degam-kongress.de\/2024\/#website\",\"url\":\"https:\/\/degam-kongress.de\/2024\/\",\"name\":\"DEGAM 2024\",\"description\":\"58. Kongress f\u00fcr Allgemeinmedizin und Familienmedizin Neue Wege in die Allgemeinmedizin \u2013 Nachwuchs f\u00fcr Versorgung und Forschung begeistern\",\"potentialAction\":[{\"@type\":\"SearchAction\",\"target\":{\"@type\":\"EntryPoint\",\"urlTemplate\":\"https:\/\/degam-kongress.de\/2024\/?s={search_term_string}\"},\"query-input\":{\"@type\":\"PropertyValueSpecification\",\"valueRequired\":true,\"valueName\":\"search_term_string\"}}],\"inLanguage\":\"de\"}]}<\/script>\n<!-- \/ Yoast SEO plugin. -->","yoast_head_json":{"title":"\u00dcber W\u00fcrzburg - DEGAM 2024","robots":{"index":"index","follow":"follow","max-snippet":"max-snippet:-1","max-image-preview":"max-image-preview:large","max-video-preview":"max-video-preview:-1"},"canonical":"https:\/\/degam-kongress.de\/2024\/veranstaltungsort\/ueber-wuerzburg\/","og_locale":"de_DE","og_type":"article","og_title":"\u00dcber W\u00fcrzburg - DEGAM 2024","og_description":"\u00dcber W\u00fcrzburg Die lebendige Universit\u00e4tsstadt am Main liegt inmitten von Weinbergen, \u00fcberragt von ihrem Wahrzeichen, der Festung Marienberg. Unbestrittener architektonischer Glanzpunkt ist die f\u00fcrstbisch\u00f6fliche Residenz, seit 1981 UNESCO Welterbe. Balthasar Neumann schuf dieses \u201eSchloss \u00fcber allen Schl\u00f6ssern\u201c mit dem ber\u00fchmten Treppenhaus und dem weltgr\u00f6\u00dften Deckenfresko von Giovanni Battista Tiepolo. Die Grundsteinlegung des pr\u00e4chtigen Baus j\u00e4hrte [&hellip;]","og_url":"https:\/\/degam-kongress.de\/2024\/veranstaltungsort\/ueber-wuerzburg\/","og_site_name":"DEGAM 2024","article_modified_time":"2024-07-11T15:20:10+00:00","og_image":[{"url":"https:\/\/degam-kongress.de\/2024\/wp-content\/uploads\/Schustergasse-Blick-auf-den-Wuerzburger-Marktplatz-mit-Marienkapelle-681x1024.jpg","type":"","width":"","height":""}],"twitter_card":"summary_large_image","twitter_misc":{"Gesch\u00e4tzte Lesezeit":"2\u00a0Minuten"},"schema":{"@context":"https:\/\/schema.org","@graph":[{"@type":"WebPage","@id":"https:\/\/degam-kongress.de\/2024\/veranstaltungsort\/ueber-wuerzburg\/","url":"https:\/\/degam-kongress.de\/2024\/veranstaltungsort\/ueber-wuerzburg\/","name":"\u00dcber W\u00fcrzburg - DEGAM 2024","isPartOf":{"@id":"https:\/\/degam-kongress.de\/2024\/#website"},"primaryImageOfPage":{"@id":"https:\/\/degam-kongress.de\/2024\/veranstaltungsort\/ueber-wuerzburg\/#primaryimage"},"image":{"@id":"https:\/\/degam-kongress.de\/2024\/veranstaltungsort\/ueber-wuerzburg\/#primaryimage"},"thumbnailUrl":"https:\/\/degam-kongress.de\/2024\/wp-content\/uploads\/Schustergasse-Blick-auf-den-Wuerzburger-Marktplatz-mit-Marienkapelle-681x1024.jpg","datePublished":"2020-12-07T14:07:51+00:00","dateModified":"2024-07-11T15:20:10+00:00","breadcrumb":{"@id":"https:\/\/degam-kongress.de\/2024\/veranstaltungsort\/ueber-wuerzburg\/#breadcrumb"},"inLanguage":"de","potentialAction":[{"@type":"ReadAction","target":["https:\/\/degam-kongress.de\/2024\/veranstaltungsort\/ueber-wuerzburg\/"]}]},{"@type":"ImageObject","inLanguage":"de","@id":"https:\/\/degam-kongress.de\/2024\/veranstaltungsort\/ueber-wuerzburg\/#primaryimage","url":"https:\/\/degam-kongress.de\/2024\/wp-content\/uploads\/Schustergasse-Blick-auf-den-Wuerzburger-Marktplatz-mit-Marienkapelle-scaled.jpg","contentUrl":"https:\/\/degam-kongress.de\/2024\/wp-content\/uploads\/Schustergasse-Blick-auf-den-Wuerzburger-Marktplatz-mit-Marienkapelle-scaled.jpg","width":1703,"height":2560},{"@type":"BreadcrumbList","@id":"https:\/\/degam-kongress.de\/2024\/veranstaltungsort\/ueber-wuerzburg\/#breadcrumb","itemListElement":[{"@type":"ListItem","position":1,"name":"Startseite","item":"https:\/\/degam-kongress.de\/2024\/"},{"@type":"ListItem","position":2,"name":"Veranstaltungsort","item":"https:\/\/degam-kongress.de\/2024\/veranstaltungsort\/"},{"@type":"ListItem","position":3,"name":"\u00dcber W\u00fcrzburg"}]},{"@type":"WebSite","@id":"https:\/\/degam-kongress.de\/2024\/#website","url":"https:\/\/degam-kongress.de\/2024\/","name":"DEGAM 2024","description":"58. Kongress f\u00fcr Allgemeinmedizin und Familienmedizin Neue Wege in die Allgemeinmedizin \u2013 Nachwuchs f\u00fcr Versorgung und Forschung begeistern","potentialAction":[{"@type":"SearchAction","target":{"@type":"EntryPoint","urlTemplate":"https:\/\/degam-kongress.de\/2024\/?s={search_term_string}"},"query-input":{"@type":"PropertyValueSpecification","valueRequired":true,"valueName":"search_term_string"}}],"inLanguage":"de"}]}},"_links":{"self":[{"href":"https:\/\/degam-kongress.de\/2024\/wp-json\/wp\/v2\/pages\/819","targetHints":{"allow":["GET"]}}],"collection":[{"href":"https:\/\/degam-kongress.de\/2024\/wp-json\/wp\/v2\/pages"}],"about":[{"href":"https:\/\/degam-kongress.de\/2024\/wp-json\/wp\/v2\/types\/page"}],"author":[{"embeddable":true,"href":"https:\/\/degam-kongress.de\/2024\/wp-json\/wp\/v2\/users\/5"}],"replies":[{"embeddable":true,"href":"https:\/\/degam-kongress.de\/2024\/wp-json\/wp\/v2\/comments?post=819"}],"version-history":[{"count":3,"href":"https:\/\/degam-kongress.de\/2024\/wp-json\/wp\/v2\/pages\/819\/revisions"}],"predecessor-version":[{"id":4737,"href":"https:\/\/degam-kongress.de\/2024\/wp-json\/wp\/v2\/pages\/819\/revisions\/4737"}],"up":[{"embeddable":true,"href":"https:\/\/degam-kongress.de\/2024\/wp-json\/wp\/v2\/pages\/491"}],"wp:attachment":[{"href":"https:\/\/degam-kongress.de\/2024\/wp-json\/wp\/v2\/media?parent=819"}],"curies":[{"name":"wp","href":"https:\/\/api.w.org\/{rel}","templated":true}]}}